[INFO] cloning repository https://github.com/NathanielPerkins/time-tracker
[INFO] running `Command { std: "git" "-c" "credential.helper=" "-c" "credential.helper=/workspace/cargo-home/bin/git-credential-null" "clone" "--bare" "https://github.com/NathanielPerkins/time-tracker" "/workspace/cache/git-repos/https%3A%2F%2Fgithub.com%2FNathanielPerkins%2Ftime-tracker", kill_on_drop: false }`
[INFO] [stderr] Cloning into bare repository '/workspace/cache/git-repos/https%3A%2F%2Fgithub.com%2FNathanielPerkins%2Ftime-tracker'...
[INFO] running `Command { std: "git" "rev-parse" "HEAD", kill_on_drop: false }`
[INFO] [stdout] c3f8ef36d7a7bac9e3b64266b6657bbc018a37d3
[INFO] checking NathanielPerkins/time-tracker against master#9610dfe5a9a731ced1ea4923ecbd0c57fe367898 for beta-170-4
[INFO] running `Command { std: "git" "clone" "/workspace/cache/git-repos/https%3A%2F%2Fgithub.com%2FNathanielPerkins%2Ftime-tracker" "/workspace/builds/worker-7-tc1/source", kill_on_drop: false }`
[INFO] [stderr] Cloning into '/workspace/builds/worker-7-tc1/source'...
[INFO] [stderr] done.
[INFO] validating manifest of git repo https://github.com/NathanielPerkins/time-tracker on toolchain 9610dfe5a9a731ced1ea4923ecbd0c57fe367898
[INFO] running `Command { std: CARGO_HOME="/workspace/cargo-home" RUSTUP_HOME="/workspace/rustup-home" "/workspace/cargo-home/bin/cargo" "+9610dfe5a9a731ced1ea4923ecbd0c57fe367898" "metadata" "--manifest-path" "Cargo.toml" "--no-deps", kill_on_drop: false }`
[INFO] started tweaking git repo https://github.com/NathanielPerkins/time-tracker
[INFO] finished tweaking git repo https://github.com/NathanielPerkins/time-tracker
[INFO] tweaked toml for git repo https://github.com/NathanielPerkins/time-tracker written to /workspace/builds/worker-7-tc1/source/Cargo.toml
[INFO] crate git repo https://github.com/NathanielPerkins/time-tracker already has a lockfile, it will not be regenerated
[INFO] running `Command { std: CARGO_HOME="/workspace/cargo-home" RUSTUP_HOME="/workspace/rustup-home" "/workspace/cargo-home/bin/cargo" "+9610dfe5a9a731ced1ea4923ecbd0c57fe367898" "fetch" "--manifest-path" "Cargo.toml", kill_on_drop: false }`
[INFO] [stderr]  Downloading crates ...
[INFO] [stderr]   Downloaded regex-syntax v0.5.5
[INFO] [stderr]   Downloaded regex v0.2.10
[INFO] [stderr]   Downloaded chrono v0.4.1
[INFO] [stderr]   Downloaded diesel_derives v1.2.0
[INFO] [stderr]   Downloaded diesel v1.2.2
[INFO] running `Command { std: "docker" "create" "-v" "/var/lib/crater-agent-workspace/builds/worker-7-tc1/target:/opt/rustwide/target:rw,Z" "-v" "/var/lib/crater-agent-workspace/builds/worker-7-tc1/source:/opt/rustwide/workdir:ro,Z" "-v" "/var/lib/crater-agent-workspace/cargo-home:/opt/rustwide/cargo-home:ro,Z" "-v" "/var/lib/crater-agent-workspace/rustup-home:/opt/rustwide/rustup-home:ro,Z" "-e" "SOURCE_DIR=/opt/rustwide/workdir" "-e" "CARGO_TARGET_DIR=/opt/rustwide/target" "-e" "CARGO_HOME=/opt/rustwide/cargo-home" "-e" "RUSTUP_HOME=/opt/rustwide/rustup-home" "-w" "/opt/rustwide/workdir" "-m" "1610612736" "--user" "0:0" "--network" "none" "ghcr.io/rust-lang/crates-build-env/linux@sha256:19e73879b68f455e41552ea35293514db52ea292d993f571636dbffedb77a1ee" "/opt/rustwide/cargo-home/bin/cargo" "+9610dfe5a9a731ced1ea4923ecbd0c57fe367898" "metadata" "--no-deps" "--format-version=1", kill_on_drop: false }`
[INFO] [stdout] 1a3233aa54b103dbf297f1cc2847fe986bdd072c5a9203a38a5d834f8cf0e31b
[INFO] running `Command { std: "docker" "start" "-a" "1a3233aa54b103dbf297f1cc2847fe986bdd072c5a9203a38a5d834f8cf0e31b", kill_on_drop: false }`
[INFO] running `Command { std: "docker" "inspect" "1a3233aa54b103dbf297f1cc2847fe986bdd072c5a9203a38a5d834f8cf0e31b", kill_on_drop: false }`
[INFO] running `Command { std: "docker" "rm" "-f" "1a3233aa54b103dbf297f1cc2847fe986bdd072c5a9203a38a5d834f8cf0e31b", kill_on_drop: false }`
[INFO] [stdout] 1a3233aa54b103dbf297f1cc2847fe986bdd072c5a9203a38a5d834f8cf0e31b
[INFO] running `Command { std: "docker" "create" "-v" "/var/lib/crater-agent-workspace/builds/worker-7-tc1/target:/opt/rustwide/target:rw,Z" "-v" "/var/lib/crater-agent-workspace/builds/worker-7-tc1/source:/opt/rustwide/workdir:ro,Z" "-v" "/var/lib/crater-agent-workspace/cargo-home:/opt/rustwide/cargo-home:ro,Z" "-v" "/var/lib/crater-agent-workspace/rustup-home:/opt/rustwide/rustup-home:ro,Z" "-e" "SOURCE_DIR=/opt/rustwide/workdir" "-e" "CARGO_TARGET_DIR=/opt/rustwide/target" "-e" "CARGO_INCREMENTAL=0" "-e" "RUST_BACKTRACE=full" "-e" "RUSTFLAGS=--cap-lints=forbid" "-e" "RUSTDOCFLAGS=--cap-lints=forbid" "-e" "CARGO_HOME=/opt/rustwide/cargo-home" "-e" "RUSTUP_HOME=/opt/rustwide/rustup-home" "-w" "/opt/rustwide/workdir" "-m" "1610612736" "--user" "0:0" "--network" "none" "ghcr.io/rust-lang/crates-build-env/linux@sha256:19e73879b68f455e41552ea35293514db52ea292d993f571636dbffedb77a1ee" "/opt/rustwide/cargo-home/bin/cargo" "+9610dfe5a9a731ced1ea4923ecbd0c57fe367898" "check" "--frozen" "--all" "--all-targets" "--message-format=json", kill_on_drop: false }`
[INFO] [stdout] 6eb59bbb4376eaa6ce76759a02e345b65b38d5e1cb72ac04c539a0d913372c80
[INFO] running `Command { std: "docker" "start" "-a" "6eb59bbb4376eaa6ce76759a02e345b65b38d5e1cb72ac04c539a0d913372c80", kill_on_drop: false }`
[INFO] [stderr]     Checking libc v0.2.40
[INFO] [stderr]     Checking lazy_static v1.0.0
[INFO] [stderr]    Compiling regex v0.2.10
[INFO] [stderr]    Compiling pq-sys v0.4.4
[INFO] [stderr]     Checking num-traits v0.2.2
[INFO] [stderr]    Compiling proc-macro2 v0.2.3
[INFO] [stderr]     Checking regex-syntax v0.5.5
[INFO] [stderr]     Checking utf8-ranges v1.0.0
[INFO] [stderr]     Checking thread_local v0.3.5
[INFO] [stderr]     Checking byteorder v1.2.2
[INFO] [stderr]     Checking bitflags v1.0.1
[INFO] [stderr]    Compiling quote v0.4.2
[INFO] [stderr]     Checking memchr v2.0.1
[INFO] [stderr]    Compiling syn v0.12.15
[INFO] [stderr]     Checking num-integer v0.1.36
[INFO] [stderr]     Checking aho-corasick v0.6.4
[INFO] [stderr]     Checking time v0.1.39
[INFO] [stderr]     Checking chrono v0.4.1
[INFO] [stderr]     Checking dotenv v0.9.0
[INFO] [stderr]    Compiling diesel_derives v1.2.0
[INFO] [stderr]     Checking diesel v1.2.2
[INFO] [stderr]     Checking time_tracker v0.1.0 (/opt/rustwide/workdir)
[INFO] [stdout] error[E0432]: unresolved import `diesel::sqlite`
[INFO] [stdout]  --> src/lib.rs:9:13
[INFO] [stdout]   |
[INFO] [stdout] 9 | use diesel::sqlite::SqliteConnection;
[INFO] [stdout]   |             ^^^^^^ could not find `sqlite` in `diesel`
[INFO] [stdout] 
[INFO] [stdout] 
[INFO] [stdout] error[E0432]: unresolved import `Chrono`
[INFO] [stdout]  --> src/models.rs:1:5
[INFO] [stdout]   |
[INFO] [stdout] 1 | use Chrono::NaiveDateTime;
[INFO] [stdout]   |     ^^^^^^ maybe a missing crate `Chrono`?
[INFO] [stdout]   |
[INFO] [stdout]   = help: consider adding `extern crate Chrono` to use the `Chrono` crate
[INFO] [stdout] 
[INFO] [stdout] 
[INFO] [stdout] error: cannot find type `table` in this scope
[INFO] [stdout]  --> src/schema.rs:1:1
[INFO] [stdout]   |
[INFO] [stdout] 1 | / table! {
[INFO] [stdout] 2 | |     logs (id) {
[INFO] [stdout] 3 | |         id -> Nullable<Integer>,
[INFO] [stdout] 4 | |         created_at -> Timestamp,
[INFO] [stdout] ... |
[INFO] [stdout] 7 | |     }
[INFO] [stdout] 8 | | }
[INFO] [stdout]   | |_^ names from parent modules are not accessible without an explicit import
[INFO] [stdout]   |
[INFO] [stdout]   = warning: this was previously accepted by the compiler but is being phased out; it will become a hard error in a future release!
[INFO] [stdout]   = note: for more information, see issue #83583 <https://github.com/rust-lang/rust/issues/83583>
[INFO] [stdout]   = note: `#[deny(proc_macro_derive_resolution_fallback)]` on by default
[INFO] [stdout]   = note: this error originates in the derive macro `QueryId` which comes from the expansion of the macro `table` (in Nightly builds, run with -Z macro-backtrace for more info)
[INFO] [stdout] 
[INFO] [stdout] 
[INFO] [stdout] error: cannot find type `id` in this scope
[INFO] [stdout]  --> src/schema.rs:1:1
[INFO] [stdout]   |
[INFO] [stdout] 1 | / table! {
[INFO] [stdout] 2 | |     logs (id) {
[INFO] [stdout] 3 | |         id -> Nullable<Integer>,
[INFO] [stdout] 4 | |         created_at -> Timestamp,
[INFO] [stdout] ... |
[INFO] [stdout] 7 | |     }
[INFO] [stdout] 8 | | }
[INFO] [stdout]   | |_^ names from parent modules are not accessible without an explicit import
[INFO] [stdout]   |
[INFO] [stdout]   = warning: this was previously accepted by the compiler but is being phased out; it will become a hard error in a future release!
[INFO] [stdout]   = note: for more information, see issue #83583 <https://github.com/rust-lang/rust/issues/83583>
[INFO] [stdout]   = note: this error originates in the derive macro `QueryId` which comes from the expansion of the macro `table` (in Nightly builds, run with -Z macro-backtrace for more info)
[INFO] [stdout] 
[INFO] [stdout] 
[INFO] [stdout] error: cannot find type `created_at` in this scope
[INFO] [stdout]  --> src/schema.rs:1:1
[INFO] [stdout]   |
[INFO] [stdout] 1 | / table! {
[INFO] [stdout] 2 | |     logs (id) {
[INFO] [stdout] 3 | |         id -> Nullable<Integer>,
[INFO] [stdout] 4 | |         created_at -> Timestamp,
[INFO] [stdout] ... |
[INFO] [stdout] 7 | |     }
[INFO] [stdout] 8 | | }
[INFO] [stdout]   | |_^ names from parent modules are not accessible without an explicit import
[INFO] [stdout]   |
[INFO] [stdout]   = warning: this was previously accepted by the compiler but is being phased out; it will become a hard error in a future release!
[INFO] [stdout]   = note: for more information, see issue #83583 <https://github.com/rust-lang/rust/issues/83583>
[INFO] [stdout]   = note: this error originates in the derive macro `QueryId` which comes from the expansion of the macro `table` (in Nightly builds, run with -Z macro-backtrace for more info)
[INFO] [stdout] 
[INFO] [stdout] 
[INFO] [stdout] error: cannot find type `window` in this scope
[INFO] [stdout]  --> src/schema.rs:1:1
[INFO] [stdout]   |
[INFO] [stdout] 1 | / table! {
[INFO] [stdout] 2 | |     logs (id) {
[INFO] [stdout] 3 | |         id -> Nullable<Integer>,
[INFO] [stdout] 4 | |         created_at -> Timestamp,
[INFO] [stdout] ... |
[INFO] [stdout] 7 | |     }
[INFO] [stdout] 8 | | }
[INFO] [stdout]   | |_^ names from parent modules are not accessible without an explicit import
[INFO] [stdout]   |
[INFO] [stdout]   = warning: this was previously accepted by the compiler but is being phased out; it will become a hard error in a future release!
[INFO] [stdout]   = note: for more information, see issue #83583 <https://github.com/rust-lang/rust/issues/83583>
[INFO] [stdout]   = note: this error originates in the derive macro `QueryId` which comes from the expansion of the macro `table` (in Nightly builds, run with -Z macro-backtrace for more info)
[INFO] [stdout] 
[INFO] [stdout] 
[INFO] [stdout] error: cannot find type `focus` in this scope
[INFO] [stdout]  --> src/schema.rs:1:1
[INFO] [stdout]   |
[INFO] [stdout] 1 | / table! {
[INFO] [stdout] 2 | |     logs (id) {
[INFO] [stdout] 3 | |         id -> Nullable<Integer>,
[INFO] [stdout] 4 | |         created_at -> Timestamp,
[INFO] [stdout] ... |
[INFO] [stdout] 7 | |     }
[INFO] [stdout] 8 | | }
[INFO] [stdout]   | |_^ names from parent modules are not accessible without an explicit import
[INFO] [stdout]   |
[INFO] [stdout]   = warning: this was previously accepted by the compiler but is being phased out; it will become a hard error in a future release!
[INFO] [stdout]   = note: for more information, see issue #83583 <https://github.com/rust-lang/rust/issues/83583>
[INFO] [stdout]   = note: this error originates in the derive macro `QueryId` which comes from the expansion of the macro `table` (in Nightly builds, run with -Z macro-backtrace for more info)
[INFO] [stdout] 
[INFO] [stdout] 
[INFO] [stdout] warning: type `log` should have an upper camel case name
[INFO] [stdout]  --> src/models.rs:4:12
[INFO] [stdout]   |
[INFO] [stdout] 4 | pub struct log {
[INFO] [stdout]   |            ^^^ help: convert the identifier to upper camel case: `Log`
[INFO] [stdout]   |
[INFO] [stdout]   = note: `#[warn(non_camel_case_types)]` on by default
[INFO] [stdout] 
[INFO] [stdout] 
[INFO] [stdout] error: cannot find type `NaiveDateTime` in this scope
[INFO] [stdout]  --> src/models.rs:3:10
[INFO] [stdout]   |
[INFO] [stdout] 3 | #[derive(Queryable)]
[INFO] [stdout]   |          ^^^^^^^^^ names from parent modules are not accessible without an explicit import
[INFO] [stdout]   |
[INFO] [stdout]   = warning: this was previously accepted by the compiler but is being phased out; it will become a hard error in a future release!
[INFO] [stdout]   = note: for more information, see issue #83583 <https://github.com/rust-lang/rust/issues/83583>
[INFO] [stdout]   = note: this error originates in the derive macro `Queryable` (in Nightly builds, run with -Z macro-backtrace for more info)
[INFO] [stdout] 
[INFO] [stdout] 
[INFO] [stdout] error: cannot find type `log` in this scope
[INFO] [stdout]  --> src/models.rs:3:10
[INFO] [stdout]   |
[INFO] [stdout] 3 | #[derive(Queryable)]
[INFO] [stdout]   |          ^^^^^^^^^ names from parent modules are not accessible without an explicit import
[INFO] [stdout]   |
[INFO] [stdout]   = warning: this was previously accepted by the compiler but is being phased out; it will become a hard error in a future release!
[INFO] [stdout]   = note: for more information, see issue #83583 <https://github.com/rust-lang/rust/issues/83583>
[INFO] [stdout]   = note: this error originates in the derive macro `Queryable` (in Nightly builds, run with -Z macro-backtrace for more info)
[INFO] [stdout] 
[INFO] [stdout] 
[INFO] [stdout] warning: unused import: `diesel::prelude::*`
[INFO] [stdout]  --> src/lib.rs:8:5
[INFO] [stdout]   |
[INFO] [stdout] 8 | use diesel::prelude::*;
[INFO] [stdout]   |     ^^^^^^^^^^^^^^^^^^
[INFO] [stdout]   |
[INFO] [stdout]   = note: `#[warn(unused_imports)]` on by default
[INFO] [stdout] 
[INFO] [stdout] 
[INFO] [stdout] error[E0432]: unresolved import `diesel::sqlite`
[INFO] [stdout]  --> src/lib.rs:9:13
[INFO] [stdout]   |
[INFO] [stdout] 9 | use diesel::sqlite::SqliteConnection;
[INFO] [stdout]   |             ^^^^^^ could not find `sqlite` in `diesel`
[INFO] [stdout] 
[INFO] [stdout] 
[INFO] [stdout] error[E0432]: unresolved import `Chrono`
[INFO] [stdout]  --> src/models.rs:1:5
[INFO] [stdout]   |
[INFO] [stdout] 1 | use Chrono::NaiveDateTime;
[INFO] [stdout]   |     ^^^^^^ maybe a missing crate `Chrono`?
[INFO] [stdout]   |
[INFO] [stdout]   = help: consider adding `extern crate Chrono` to use the `Chrono` crate
[INFO] [stdout] 
[INFO] [stdout] 
[INFO] [stdout] error: cannot find type `table` in this scope
[INFO] [stdout]  --> src/schema.rs:1:1
[INFO] [stdout]   |
[INFO] [stdout] 1 | / table! {
[INFO] [stdout] 2 | |     logs (id) {
[INFO] [stdout] 3 | |         id -> Nullable<Integer>,
[INFO] [stdout] 4 | |         created_at -> Timestamp,
[INFO] [stdout] ... |
[INFO] [stdout] 7 | |     }
[INFO] [stdout] 8 | | }
[INFO] [stdout]   | |_^ names from parent modules are not accessible without an explicit import
[INFO] [stdout]   |
[INFO] [stdout]   = warning: this was previously accepted by the compiler but is being phased out; it will become a hard error in a future release!
[INFO] [stdout]   = note: for more information, see issue #83583 <https://github.com/rust-lang/rust/issues/83583>
[INFO] [stdout]   = note: `#[deny(proc_macro_derive_resolution_fallback)]` on by default
[INFO] [stdout]   = note: this error originates in the derive macro `QueryId` which comes from the expansion of the macro `table` (in Nightly builds, run with -Z macro-backtrace for more info)
[INFO] [stdout] 
[INFO] [stdout] 
[INFO] [stdout] error: cannot find type `id` in this scope
[INFO] [stdout]  --> src/schema.rs:1:1
[INFO] [stdout]   |
[INFO] [stdout] 1 | / table! {
[INFO] [stdout] 2 | |     logs (id) {
[INFO] [stdout] 3 | |         id -> Nullable<Integer>,
[INFO] [stdout] 4 | |         created_at -> Timestamp,
[INFO] [stdout] ... |
[INFO] [stdout] 7 | |     }
[INFO] [stdout] 8 | | }
[INFO] [stdout]   | |_^ names from parent modules are not accessible without an explicit import
[INFO] [stdout]   |
[INFO] [stdout]   = warning: this was previously accepted by the compiler but is being phased out; it will become a hard error in a future release!
[INFO] [stdout]   = note: for more information, see issue #83583 <https://github.com/rust-lang/rust/issues/83583>
[INFO] [stdout]   = note: this error originates in the derive macro `QueryId` which comes from the expansion of the macro `table` (in Nightly builds, run with -Z macro-backtrace for more info)
[INFO] [stdout] 
[INFO] [stdout] 
[INFO] [stdout] error: cannot find type `created_at` in this scope
[INFO] [stdout]  --> src/schema.rs:1:1
[INFO] [stdout]   |
[INFO] [stdout] 1 | / table! {
[INFO] [stdout] 2 | |     logs (id) {
[INFO] [stdout] 3 | |         id -> Nullable<Integer>,
[INFO] [stdout] 4 | |         created_at -> Timestamp,
[INFO] [stdout] ... |
[INFO] [stdout] 7 | |     }
[INFO] [stdout] 8 | | }
[INFO] [stdout]   | |_^ names from parent modules are not accessible without an explicit import
[INFO] [stdout]   |
[INFO] [stdout]   = warning: this was previously accepted by the compiler but is being phased out; it will become a hard error in a future release!
[INFO] [stdout]   = note: for more information, see issue #83583 <https://github.com/rust-lang/rust/issues/83583>
[INFO] [stdout]   = note: this error originates in the derive macro `QueryId` which comes from the expansion of the macro `table` (in Nightly builds, run with -Z macro-backtrace for more info)
[INFO] [stdout] 
[INFO] [stdout] 
[INFO] [stdout] error: cannot find type `window` in this scope
[INFO] [stdout]  --> src/schema.rs:1:1
[INFO] [stdout]   |
[INFO] [stdout] 1 | / table! {
[INFO] [stdout] 2 | |     logs (id) {
[INFO] [stdout] 3 | |         id -> Nullable<Integer>,
[INFO] [stdout] 4 | |         created_at -> Timestamp,
[INFO] [stdout] ... |
[INFO] [stdout] 7 | |     }
[INFO] [stdout] 8 | | }
[INFO] [stdout]   | |_^ names from parent modules are not accessible without an explicit import
[INFO] [stdout]   |
[INFO] [stdout]   = warning: this was previously accepted by the compiler but is being phased out; it will become a hard error in a future release!
[INFO] [stdout]   = note: for more information, see issue #83583 <https://github.com/rust-lang/rust/issues/83583>
[INFO] [stdout]   = note: this error originates in the derive macro `QueryId` which comes from the expansion of the macro `table` (in Nightly builds, run with -Z macro-backtrace for more info)
[INFO] [stdout] 
[INFO] [stdout] 
[INFO] [stdout] error: cannot find type `focus` in this scope
[INFO] [stdout]  --> src/schema.rs:1:1
[INFO] [stdout]   |
[INFO] [stdout] 1 | / table! {
[INFO] [stdout] 2 | |     logs (id) {
[INFO] [stdout] 3 | |         id -> Nullable<Integer>,
[INFO] [stdout] 4 | |         created_at -> Timestamp,
[INFO] [stdout] ... |
[INFO] [stdout] 7 | |     }
[INFO] [stdout] 8 | | }
[INFO] [stdout]   | |_^ names from parent modules are not accessible without an explicit import
[INFO] [stdout]   |
[INFO] [stdout]   = warning: this was previously accepted by the compiler but is being phased out; it will become a hard error in a future release!
[INFO] [stdout]   = note: for more information, see issue #83583 <https://github.com/rust-lang/rust/issues/83583>
[INFO] [stdout]   = note: this error originates in the derive macro `QueryId` which comes from the expansion of the macro `table` (in Nightly builds, run with -Z macro-backtrace for more info)
[INFO] [stdout] 
[INFO] [stdout] 
[INFO] [stdout] warning: type `log` should have an upper camel case name
[INFO] [stdout]  --> src/models.rs:4:12
[INFO] [stdout]   |
[INFO] [stdout] 4 | pub struct log {
[INFO] [stdout]   |            ^^^ help: convert the identifier to upper camel case: `Log`
[INFO] [stdout]   |
[INFO] [stdout]   = note: `#[warn(non_camel_case_types)]` on by default
[INFO] [stdout] 
[INFO] [stdout] 
[INFO] [stdout] error: cannot find type `NaiveDateTime` in this scope
[INFO] [stdout]  --> src/models.rs:3:10
[INFO] [stdout]   |
[INFO] [stdout] 3 | #[derive(Queryable)]
[INFO] [stdout]   |          ^^^^^^^^^ names from parent modules are not accessible without an explicit import
[INFO] [stdout]   |
[INFO] [stdout]   = warning: this was previously accepted by the compiler but is being phased out; it will become a hard error in a future release!
[INFO] [stdout]   = note: for more information, see issue #83583 <https://github.com/rust-lang/rust/issues/83583>
[INFO] [stdout]   = note: this error originates in the derive macro `Queryable` (in Nightly builds, run with -Z macro-backtrace for more info)
[INFO] [stdout] 
[INFO] [stdout] 
[INFO] [stdout] error: cannot find type `log` in this scope
[INFO] [stdout]  --> src/models.rs:3:10
[INFO] [stdout]   |
[INFO] [stdout] 3 | #[derive(Queryable)]
[INFO] [stdout]   |          ^^^^^^^^^ names from parent modules are not accessible without an explicit import
[INFO] [stdout]   |
[INFO] [stdout]   = warning: this was previously accepted by the compiler but is being phased out; it will become a hard error in a future release!
[INFO] [stdout]   = note: for more information, see issue #83583 <https://github.com/rust-lang/rust/issues/83583>
[INFO] [stdout]   = note: this error originates in the derive macro `Queryable` (in Nightly builds, run with -Z macro-backtrace for more info)
[INFO] [stdout] 
[INFO] [stdout] 
[INFO] [stdout] warning: unused import: `diesel::prelude::*`
[INFO] [stdout]  --> src/lib.rs:8:5
[INFO] [stdout]   |
[INFO] [stdout] 8 | use diesel::prelude::*;
[INFO] [stdout]   |     ^^^^^^^^^^^^^^^^^^
[INFO] [stdout]   |
[INFO] [stdout]   = note: `#[warn(unused_imports)]` on by default
[INFO] [stdout] 
[INFO] [stdout] 
[INFO] [stdout] error: aborting due to 9 previous errors; 2 warnings emitted
[INFO] [stdout] 
[INFO] [stdout] 
[INFO] [stdout] For more information about this error, try `rustc --explain E0432`.
[INFO] [stdout] 
[INFO] [stderr] error: could not compile `time_tracker` (lib) due to 24 previous errors; 2 warnings emitted
[INFO] [stderr] warning: build failed, waiting for other jobs to finish...
[INFO] [stdout] error: aborting due to 9 previous errors; 2 warnings emitted
[INFO] [stdout] 
[INFO] [stdout] 
[INFO] [stdout] For more information about this error, try `rustc --explain E0432`.
[INFO] [stdout] 
[INFO] [stderr] error: could not compile `time_tracker` (lib test) due to 24 previous errors; 2 warnings emitted
[INFO] running `Command { std: "docker" "inspect" "6eb59bbb4376eaa6ce76759a02e345b65b38d5e1cb72ac04c539a0d913372c80", kill_on_drop: false }`
[INFO] running `Command { std: "docker" "rm" "-f" "6eb59bbb4376eaa6ce76759a02e345b65b38d5e1cb72ac04c539a0d913372c80", kill_on_drop: false }`
[INFO] [stdout] 6eb59bbb4376eaa6ce76759a02e345b65b38d5e1cb72ac04c539a0d913372c80
